**2 + 2*x + 2 + 2*x**2 + x**3 + x**2. What is h(t)?
-2
Let q(w) = w**2 + 9*w + 1. Let z be (4 - 10 - -8)*-4. Give q(z).
-7
Let n(h) = -5*h - 4. Let s(l) = l**3 + 8*l**2 + 2*l - 3. Suppose -6*u + 14 = -8*u. Let o be s(u). Suppose t + 6 = -f - 1, 4*t + 5*f + o = 0. Give n(t).
11
Let m(f) = -f**3 + f. Suppose -5*k + 13*k - 8 = 0. Calculate m(k).
0
Let g(s) = -6*s**3 + 19*s**2 - s - 1. Let l be g(3). Let n(y) = -y**2 + 5*y - 7. What is n(l)?
-7
Let f be -1 - (-22)/(-3) - (-3)/9. Let v be 33/(-55) + f/(-5). Let p(b) = b. What is p(v)?
1
Let z(s) be the second derivative of -1/6*s**3 - 17*s + 0 - 1/2*s**2 + 4/3*s**4. Calculate z(-1).
16
Let x(a) = 4*a - 11. Let t(z) = -9*z + 21. Let m(k) = 3*t(k) + 7*x(k). Let c(l) = -l**3 - 5*l**2 + 3*l + 4. Let b be c(-6). Let g = -16 + b. Determine m(g).
-8
Let z be 52/5 - (-48)/80. Let u(k) = -k**3 + 10*k**2 + 12*k - 5. Let a be u(z). Let j(q) = -q**3 + 5*q**2 + q + 2. What is j(a)?
-28
Let v(x) = -x**2 - 9*x + 12. Let r be v(-10). Let h(o) = o**2 + 2*o**r + 12*o + o**3 - 2 - 10*o + 1. Give h(-2).
-1
Suppose 4*i = i + 6. Let c = i - 0. Suppose -15 = c*z - 7*z. Let t(b) = -b**2 + 3*b - 3. What is t(z)?
-3
Suppose 0 = -8*u + 6*u. Let j(f) = u*f - 2387 + 2391 + f. Calculate j(-5).
-1
Suppose 0 = -2*w + w - 8. Let f = w + 2. Let c(m) = m + 3. Let z(g) = -g - 3. Let k(r) = f*c(r) - 7*z(r). What is k(-4)?
-1
Let o(w) be the second derivative of -w**7/840 - 7*w**6/360 - w**5/24 - w**4/24 + w**3 + 5*w. Let y(c) be the second derivative of o(c). Give y(-6).
-7
Let a(i) = -i**2 + 17*i - 14. Let v be a(16). Let h(o) be the third derivative of -o**6/120 + o**5/60 + o**4/24 + o**3/6 - 2*o**2. Give h(v).
-1
Let t(u) = -3*u**3 - 7*u**2 + u - 2. Suppose 10*v + 6 = 11*v. Let y(p) = 3*p**3 + 8*p**2 - p + 2. Let d(s) = v*t(s) + 5*y(s). Calculate d(-2).
12
Let k(u) = 10*u**2 - 9 + 3*u**2 + 3*u**2 + u + 8. Calculate k(1).
16
Let m(v) be the second derivative of -v**7/2520 - v**6/144 + v**5/60 + 19*v**4/12 + 10*v. Let t(s) be the third derivative of m(s). Determine t(-4).
6
Let d(p) = -p**3 - 4*p**2 - p - 2. Let k(b) = -13*b**2 - b. Let w be k(1). Let m be 102/w - (-6)/21. Let a = m + 3. Determine d(a).
2
Let r(k) = k**2 + 6*k - 6. Suppose 4*b - 5*b = -2. Suppose 0 = b*n + 17 + 15. Let z = 10 + n. Calculate r(z).
-6
Let j(b) = -34*b - 1. Let s(q) = -23*q - 1. Let u(r) = 5*j(r) - 7*s(r). Suppose 0 = 8*o - 35*o - 30*o + 114. Calculate u(o).
-16
Let i(n) = -n**2 + n + 1. Let j(p) = -4*p**2 + 4*p + 4. Let h(d) = -3*i(d) + j(d). Suppose 5*v + 21 = 11. Determine h(v).
-5
Let q(s) = -10*s - 21. Let c(n) be the first derivative of n**2 + 4*n + 15. Let i(p) = 11*c(p) + 2*q(p). Calculate i(2).
6
Suppose 0 = 4*i - 9*i + 15. Let u be ((-8)/12)/((-2)/i). Suppose d + 3*d = -3*r + u, 0 = -4*r + d + 14. Let y(f) = f**3 - 3*f**2 + f + 3. Determine y(r).
6
Let c be 10/15*(-3)/2. Let y(u) be the second derivative of -u**6/12 + u**4/24 - u**2/2 + 14*u. Let s(p) be the first derivative of y(p). What is s(c)?
9
Let k(x) = 11*x + 15. Let p(n) = -5*n - 7. Let g(a) = 2*k(a) + 5*p(a). Let i(t) = -t. Let w(q) = -g(q) + 5*i(q). Calculate w(5).
-5
Let u(v) = -3*v**2 - v**3 - 2*v + 0*v**3 + 2*v**3 - 1 - 2*v**3. Let b(f) = f - 11. Suppose 5*z - 24 = -4*n, 0*z = -3*z - 3*n + 12. Let j be b(z). What is u(j)?
5
Let m(n) = 2*n + 11. Let p(o) = 77*o - 698. Let b be p(9). What is m(b)?
1
Let p(m) = 4*m**2 - m - 3. Let z(n) be the second derivative of -n**4/4 + n**2 - 2*n. Suppose 2*h + 0 = -6. Let y(j) = h*z(j) - 2*p(j). Calculate y(-2).
0
Let w(b) = -b + 1. Let s be 992/93 - (-1)/3*1. Let z = 20 + -38. Let m = z + s. Determine w(m).
8
Suppose -4*a + 1 = 5. Let r(m) be the second derivative of m**5/2 - m**4/12 + m**2/2 - 10*m. What is r(a)?
-10
Suppose 4*v = 3*v - 2. Let a(i) = 6*i + 3. Calculate a(v).
-9
Let r(b) = -b**3 - 10*b**2 + 12*b + 5. Let z be (4 + 33/(-1))*-2. Let v = z + -69. Determine r(v).
-6
Let t(a) = 7 + a**3 + 3 + 3*a**2 + 2*a - 11 + 7 - 5. Determine t(-3).
-5
Let a(d) be the third derivative of -d**4/12 + 5*d**3/6 + 2*d**2. Let j = -240 + 245. Give a(j).
-5
Let q(d) = d**3 - 5*d**2 + 7*d - 6. Suppose -t = 0, 3*a + 4*t - 5*t = 18. Suppose -21 = a*p - 10*p + 5*x, -p - 5*x - 1 = 0. What is q(p)?
6
Let a(f) = -5*f**2 - 2*f - 1. Let g(d) = -9*d**2 - 4*d - 2. Suppose x = 1 - 3. Let q be (2 - 28/(-8))*x. Let w(n) = q*a(n) + 6*g(n). Give w(-2).
7
Let j(f) = -7*f - 3 - 1 + 0*f. Let u(g) be the first derivative of -3*g**2 - 4*g - 163. Let b(m) = 5*j(m) - 6*u(m). Calculate b(3).
7
Let o be (-14)/(-4) + (-3)/6 + 0. Let n(h) = 0 - 755*h**3 - o*h**2 + 756*h**3 - 6*h - 1 + 6. What is n(4)?
-3
Let x(s) = -11*s. Let r(p) = -p - 1. Let l(n) = n. Let o(u) = 5*l(u) + 4*r(u). Let j be o(5). Give x(j).
-11
Let t(a) be the first derivative of -a**6/360 - a**5/120 + a**4/2 - 4*a**3/3 + 3. Let p(h) be the third derivative of t(h). What is p(0)?
12
Suppose 0 = 2*h + h + 4*o - 6, -3 = -2*h - 3*o. Let q be h + 2 + -5 + 2. Let p = q - 3. Let r(w) = 2*w**3 - 3*w**2 + w + 1. Give r(p).
7
Let t(l) = 3*l - 4. Let g = -29 - -30. Let k(i) = i**2 + i. Let v be (-1 + 2)/(-2 - -3). Let s(h) = g*t(h) + v*k(h). Determine s(-5).
1
Let l be 15/(-5)*(92/12 - 7). Let p(c) = -2*c**2 + 2*c + 1. Determine p(l).
-11
Let t(k) = 10*k**2 - 4*k + 7. Let z(o) = o - 1. Let v(c) = -t(c) - 6*z(c). Suppose 2*u - 2*y = 6*u, 4*u + 3*y - 2 = 0. Give v(u).
-9
Let r(o) = 4*o - 20. Let c be r(8). Suppose 0 = 16*u - c*u - 8. Let x(g) = -6*g**u - 1 + 3*g**2 + 2. Give x(-1).
-2
Let q(p) = -4*p**3 + 15*p**2 - 6*p. Let h(c) = -3*c**3 + 10*c**2 - 4*c - 1. Let x(z) = 3*h(z) - 2*q(z). Determine x(-3).
24
Let m(y) be the third derivative of y**6/120 + 7*y**5/60 - y**3/6 + 56*y**2. Determine m(-7).
-1
Let a = 48 + -84. Let w = a + 38. Let p(m) = m + 3*m - m - m. Give p(w).
4
Let t(o) = o**2 + 35*o - 34. Let z be t(-36). Let b(s) = -s**2 + 4*s**2 - 1 + 0 - s**2. Give b(z).
7
Let u be (-11 - -14)/(-1 + (0 - 2)). Let x(r) be the second derivative of -5*r**4/4 + r**2/2 - 3*r. What is x(u)?
-14
Let s = -39 - -43. Let i(k) be the first derivative of 2/3*k**3 + 2 + 3/4*k**s + k - k**2. Calculate i(1).
4
Let o(d) = -4*d + 12. Let b be -5 + 0 + 1 + 15. Determine o(b).
-32
Let s(d) be the second derivative of d**5/60 + 7*d**4/24 + 2*d**3/3 - 29*d**2/2 - 24*d. Let i(q) be the first derivative of s(q). What is i(-8)?
12
Let j(y) be the first derivative of y**5/20 + y**4/4 - 12*y - 13. Let q(z) be the first derivative of j(z). Suppose m + 0 - 2 = d, d + 2 = -4*m. What is q(d)?
4
Let b = 39 - 49. Let i be (12/b)/(4/20). Let q(z) = -z**2 - 4*z + 8. Determine q(i).
-4
Let p = -66 + 67. Let r(v) = -v**2 - 3 + 9*v - v - p - 1. Calculate r(7).
2
Let q = -89 - -99. Let z(a) = a**2 - 15*a + 5. Determine z(q).
-45
Let o(p) = p**3 - 3*p**2 + 3*p - 2. Let b be o(2). Let l(g) = 11*g + 21. Let c(u) = -5*u - 10. Let x(a) = 9*c(a) + 4*l(a). Calculate x(b).
-6
Let b(u) = -u - 15 + 37 + 2*u - 14. Determine b(-10).
-2
Let d(w) = w**2 + 12*w + 4. Let s be d(-12). Let o = 34 - 31. Let j(u) = 3*u**o - 4*u - 4*u**3 + 20*u**2 + 3 - 15*u**2. Determine j(s).
3
Suppose -17*l - 42 = -3*l. Let h(w) = -12*w - 2. Calculate h(l).
34
Let c(t) be the third derivative of -t**6/720 - t**5/120 - t**4/12 - 10*t**2. Let n(p) be the second derivative of c(p). Calculate n(3).
-4
Let t(s) = -12*s**2 - 8*s + 8. Suppose -l - 21 = 6*l. Let j be (4/(-1))/((-2)/4). Let h(f) = -4*f**2 - 3*f + 3. Let u(n) = j*h(n) + l*t(n). Give u(1).
4
Suppose 5*y = -2*q - 2 - 12, -3*q = 2*y - 1. Let u be ((-175)/(-50))/(2/y). Let k(c) = c**2 + 9*c + 10. Determine k(u).
-4
Let j(w) = -w - 12. Suppose 2*b = -2*b + 5*t - 25, -4*t + 20 = -2*b. Suppose 0*r + 15 = -5*r - 5*u, -4*r - u - 18 = b. Calculate j(r).
-7
Let q(o) be the first derivative of -o**4/4 - 4*o**3/3 + 2*o**2 + o + 28. Let x be (-2)/(-3) - (-26)/(-3). Let b = x - -3. Give q(b).
6
Let z(c) be the third derivative of 1/60*c**5 + 9*c**2 + 0*c + 1/3*c**3 + 1/8*c**4 + 0. Give z(-4).
6
Let r(m) = -8*m**2 - 2*m - 1. Let x(n) = 15*n + 43. Let a be x(-3). What is r(a)?
-29
Let y(r) = -r**3 - 17*r**2 + 19*r + 22. Let b be y(-18). Suppose -6*v - b = -8*v. Let t(h) = 6 - 3 - h + 3*h - 3*h**2 + 2*h**v. Calculate t(-2).
-5
Let t(h) = -h + 13. Suppose -2*d = -2*z + 4*z - 42, 5*z - 4*d = 96. Let v be (-3 + 8 + -2)/(6/z). What is t(v)?
3
Let w(z) = 